et u(c) = 2*c**3 - 52*c + 5. What is u(5)?
-5
Let h(z) = 19*z + 66. Calculate h(-18).
-276
Let l(p) = -p**2 - 367*p - 27198. Give l(-103).
-6
Let f(o) = -o**2 + 852*o - 5921. Give f(7).
-6
Let o(x) = -9*x**2 - 110*x - 7. What is o(-12)?
17
Let y(o) = 419*o + 5024. Calculate y(-12).
-4
Let v(a) = -17*a - 127. Calculate v(-19).
196
Let h(q) = -463*q - 3709. Give h(-8).
-5
Let v(p) = 191*p + 951. What is v(-5)?
-4
Let g(s) = 79*s + 17619. Calculate g(-223).
2
Let l(b) = -9*b**2 + 13*b - 39. What is l(3)?
-81
Let h(b) = -b**3 + 124*b**2 - 235*b - 1144. What is h(122)?
-46
Let i(g) = -338*g + 2698. Calculate i(8).
-6
Let o(l) = 3*l**2 - 138*l + 1522. Determine o(18).
10
Let f(y) = y**2 - 39*y + 146. Calculate f(28).
-162
Let a(h) = 26*h**2 - 6*h + 5. Calculate a(1).
25
Let u(h) = -2*h**2 + 119*h - 862. What is u(51)?
5
Let u(i) = -i**3 - 32*i**2 + 71*i + 2222. Give u(-32).
-50
Let q(k) = -k**3 + 17*k**2 + 4*k - 108. What is q(17)?
-40
Let c(q) = -q**2 + 5*q - 67. Determine c(13).
-171
Let i(l) = l**2 - 12*l - 164. Calculate i(20).
-4
Let a(k) = -32*k - 149. Give a(-5).
11
Let p(a) = -a**2 + 153*a - 745. Determine p(5).
-5
Let w(x) = -6*x**2 - 35*x + 56. What is w(-7)?
7
Let l(r) = r**2 - 12*r - 49. Determine l(-5).
36
Let k(p) = -2*p**3 - 26*p**2 - 81*p - 15. What is k(-8)?
-7
Let l(f) = 39*f**2 - 13*f - 20. Calculate l(-2).
162
Let s(u) = 188*u**2 + 8*u + 10. Calculate s(-1).
190
Let y(t) = -t**3 + 25*t**2 - 69*t + 80. Determine y(22).
14
Let y(t) = t**2 + 208*t + 4884. What is y(-181)?
-3
Let y(z) = z**3 + 10*z**2 + 7*z - 24. What is y(-9)?
-6
Let v(j) = 11*j**2 - 3875*j + 1067. Determine v(352).
11
Let f(v) = -198*v - 1578. Calculate f(-8).
6
Let g(k) = k**3 - 12*k**2 - 1116*k - 56. What is g(40)?
104
Let s(x) = -2*x**2 - 3*x + 20. Calculate s(0).
20
Let x(c) = 4*c + 96. What is x(-18)?
24
Let g(b) = 2*b**3 + 53*b**2 + 326*b + 39. Give g(-17).
-12
Let y(t) = -5*t**2 + 14*t + 21. Give y(-3).
-66
Let w(a) = a**2 + 196*a - 3170. Give w(15).
-5
Let r(v) = -v**3 - 8*v**2 - 29*v - 149. Calculate r(-7).
5
Let z(j) = 54*j**3 - 20*j**2 + 1. What is z(1)?
35
Let i(g) = -g**3 + 25*g**2 - 10*g + 150. What is i(25)?
-100
Let t(y) = 164*y + 177. Give t(-1).
13
Let z(a) = 13*a - 74. Give z(15).
121
Let w(z) = 2*z**2 - 20*z - 77. Calculate w(12).
-29
Let f(y) = 2*y**2 - 1236*y - 56849. Calculate f(-43).
-3
Let s(h) = -h**2 + 30*h - 50. Calculate s(24).
94
Let f(m) = -226*m - 12660. Give f(-56).
-4
Let y(n) = n**2 + 72*n + 137. Calculate y(-2).
-3
Let p(z) = -4*z**2 - 5*z + 7. Determine p(-6).
-107
Let f(p) = -2*p**3 - 81*p**2 - 36*p + 187. What is f(-40)?
27
Let b(n) = -2*n**3 + 71*n**2 - 160*n - 170. Give b(33).
-5
Let l(u) = 317*u - 8297. Calculate l(26).
-55
Let r(x) = 2*x**3 + 112*x**2 - 122*x - 547. Give r(-57).
-91
Let z(a) = a**3 - a**2 - 218. Determine z(0).
-218
Let j(h) = -h**2 + 41*h + 75. Determine j(-2).
-11
Let q(n) = -n**3 + 33*n**2 - 226*n + 227. Determine q(24).
-13
Let o(r) = -265*r - 2345. Calculate o(-8).
-225
Let a(i) = -2*i**3 - i**2 + 3*i + 517. What is a(0)?
517
Let q(x) = -90*x - 54. Determine q(-2).
126
Let k(p) = 77*p + 146. What is k(-2)?
-8
Let j(l) = l**3 - 89*l**2 + 346*l - 17. What is j(85)?
493
Let t(j) = -j**2 + 13*j + 695. Determine t(27).
317
Let s(a) = -a**3 - 22*a**2 + 27*a + 5. What is s(-23)?
-87
Let b(h) = -h**2 - 807*h + 7360. Determine b(9).
16
Let w(u) = -8*u**2 - 1131*u + 705. Give w(-142).
-5
Let m(p) = -p**3 + 9*p**2 + 20*p + 8. Give m(-3).
56
Let j(i) = -1486*i - 3033. What is j(-2)?
-61
Let j(h) = h**3 + 3*h**2 - h + 37. Determine j(-8).
-275
Let u(v) = v**3 + 62*v**2 + 371*v + 1973. Determine u(-56).
13
Let q(g) = -613*g**2 + 142*g - 143. Determine q(1).
-614
Let c(f) = -55*f - 3215. Determine c(-60).
85
Let o(n) = n**3 + 52*n**2 - 162*n + 123. Give o(-55).
-42
Let i(x) = x**3 - 19*x**2 - 18*x - 4. Calculate i(20).
36
Let v(f) = f**3 - 37*f**2 - 47*f + 3. Determine v(38).
-339
Let y(r) = 143*r**2 - 35. Calculate y(0).
-35
Let f(k) = -3*k**3 - 2*k**2 - 909*k + 9. Determine f(0).
9
Let y(n) = -2*n**2 + 92*n + 1010. What is y(-10)?
-110
Let l(w) = -w**3 + 42*w**2 - 41*w - 137. What is l(41)?
-137
Let n(v) = 18*v**2 + 87*v - 10. Give n(-4).
-70
Let k(i) = 1262*i + 107283. Determine k(-85).
13
Let u(g) = 45*g - 403. What is u(8)?
-43
Let b(j) = -2*j**2 - 33*j - 349. Determine b(-15).
-304
Let u(b) = -b**3 - 19*b**2 - 26*b - 68. Give u(-18).
76
Let d(x) = x**3 - 14*x**2 + 90*x + 6. Give d(6).
258
Let n(s) = -211*s + 31655. Give n(150).
5
Let x(i) = -2*i**2 - 107*i - 201. Determine x(-2).
5
Let o(s) = -s**2 - 28*s + 338. Give o(9).
5
Let k(j) = 70*j + 1256. What is k(-19)?
-74
Let d(c) = c**2 + 29*c + 112. What is d(-18)?
-86
Let i(m) = 5*m + 96. Calculate i(-32).
-64
Let p(j) = -185*j - 129. Calculate p(-1).
56
Let q(b) = 83*b + 622. Give q(-7).
41
Let m(x) = -51*x + 4. Determine m(0).
4
Let j(b) = 492*b - 3937. Give j(8).
-1
Let c(v) = 47*v + 4865. What is c(-105)?
-70
Let t(o) = -2*o**3 + 6*o**2 + 21*o - 76. Calculate t(3).
-13
Let u(r) = 37*r - 319. Calculate u(8).
-23
Let z(i) = 21*i**3 - 295*i**2 - i + 196. Determine z(14).
-14
Let f(m) = 12*m**2 + 83*m - 14. Determine f(-9).
211
Let z(p) = -p**3 - 9*p**2 - 11*p + 4. Calculate z(-8).
28
Let o(n) = 112*n + 359. What is o(-3)?
23
Let x(u) = 5*u**2 - 494*u - 593. Calculate x(100).
7
Let s(x) = 10*x - 533. Calculate s(58).
47
Let v(b) = -b**3 + 20*b**2 - 24*b + 104. Give v(19).
9
Let h(p) = -p**3 - 36*p**2 - 61*p + 219. Calculate h(-34).
-19
Let i(n) = n**2 + 20*n - 2. What is i(-20)?
-2
Let k(u) = -4*u**2 + 174*u - 626. Determine k(4).
6
Let u(q) = q**3 + 39*q**2 + 356*q + 147. Give u(-25).
-3
Let i(f) = 3*f**3 - 148*f**2 + 47*f + 66. What is i(49)?
-32
Let p(c) = -78*c - 9288. What is p(-118)?
-84
Let p(f) = -f**3 + 33*f**2 - 80*f - 120. Calculate p(30).
180
Let c(q) = 5887*q + 29436. Determine c(-5).
1
Let o(a) = -13*a - 142. Determine o(-7).
-51
Let n(p) = 2*p**2 + 119*p + 285. Calculate n(-57).
0
Let o(p) = -5*p**3 + 31*p**2 + 12*p - 101. What is o(6)?
7
Let x(m) = 2*m**2 + 101*m + 522. What is x(-44)?
-50
Let f(u) = -20*u + 1206. Calculate f(60).
6
Let s(g) = -g**3 - 29*g**2 - 126*g + 50. Give s(-6).
-22
Let q(g) = 2536*g - 45637. Determine q(18).
11
Let g(v) = -71*v**3 - 707*v**2 + 27*v - 42. Calculate g(-10).
-12
Let s(q) = -8*q**2 + 61*q + 190. Determine s(10).
0
Let a(d) = d**2 - 161*d + 784. Determine a(5).
4
Let a(t) = 19*t + 8. Determine a(1).
27
Let d(w) = 217*w - 2397. Calculate d(11).
-10
Let s(f) = -579*f + 10992. Determine s(19).
-9
Let v(i) = 130*i + 4295. Determine v(-33).
5
Let o(n) = 27*n - 103. Calculate o(7).
86
Let y(o) = -289*o + 1720. Determine y(6).
-14
Let n(g) = -2934*g - 8775. Give n(-3).
27
Let g(d) = -821*d + 10654. Give g(13).
-19
Let t(l) = -l**3 + 28*l**2 - 12*l + 91. What is t(28)?
-245
Let a(b) = -b**3 + 118*b**2 - 775*b - 229. Determine a(111).
-7
Let a(p) = -179*p - 35622. What is a(-199)?
-1
Let g(w) = -15*w + 189. Give g(7).
84
Let y(x) = 263*x + 786. What is y(-3)?
-3
Let l(k) = k**3 + 23*k**2 - 48*k + 39. Give l(-25).
-11
Let q(f) = f**2 - 44*f + 346. Determine q(31).
-57
Let r(k) = -k**2 + 244*k - 9113. Calculate r(46).
-5
Let c(r) = -r**2 + r - 7. Calculate c(0).
-7
Let z(d) = 33*d + 318. Give z(-8).
54
Let v(r) = 1436*r + 5734. What is v(-4)?
-10
Let o(i) = 33*i - 5182. Give o(158).
32
Let r(d) = -1374*d + 46707. Give r(34).
-9
Let p(s) = s**2 + 78*s + 321. What is p(-70)?
-239
Let b(h) = -h**3 - 9*h**2 - 6*h + 2. Determine b(-9).
56
Let t(g) = -1085*g + 131288. What is t(121)?
3
Let n(b) = -50*b**2 - 400*b + 20. Give n(-8).
20
Let b(d) = 3*d**3 - 7*d**2 + 12*d + 1. What is b(3)?
55
Let z(g) = -6*g**2 - 6*g + 10. What is z(-2)?
-2
Let h(j) = -j**3 + 13*j**2 + 77*j - 713. What is h(15)?
-8
Let x(g) = -2*g**2 + 136*g - 697. Determine x(53).
893
Let s(x) = x**3 - 12*x**2 - 34*x - 5. Give s(-2).
7
Let g(p) = 135*p + 784. Determine g(-6).
-26
Let k(n) = 11*n + 62. Give k(-6).
-4
Let w(h) = 29*h - 148. Calculate w(-1).
-177
Let z(h) = -31*h**2 + 9*h + 19. Determine z(-3).
-287
Let t(o) = 4*o**3 - 50*o**2 - 8*o + 390. Determine t(12).
6
Let h(b) = -3*b**3 - 13*b**2 + 34*b + 11. What is h(-6)?
-13
Let t(l) = 109*l + 3155. Calculate t(-29).
-6
Let p(f) = -f**2 + 41*f - 43. What is p(40)?
-3
Let t(g) = g**3 - 33*g**2 + 15*g +